. What are the prime factors of s?
7
Let o = 128 - 56. List the prime factors of o.
2, 3
Suppose q - 5*w = 37, -6*q + q = -5*w - 185. List the prime factors of q.
37
Let w(j) = j**3 + 5*j**2 + 3*j - 1. Let p be w(-4). Suppose -2*n + 2*a + 0*a + 8 = 0, p*a + 3 = 2*n. List the prime factors of n.
3
Let p be (24/(-10))/(3/(-15)). Suppose -3*y - p = -4*a - 4, 3*y = -3*a + 6. What are the prime factors of a?
2
Suppose 2*d + 5*s = 473, -2*d + 3*s = -93 - 372. Let l(w) = -w**3 + 5*w**2 + 2*w. Let z be l(6). List the prime factors of (-1)/(-4) - d/z.
2, 5
Let c = 16 - -68. Suppose 0 = k - 3*i - 26, k + k - c = -2*i. What are the prime factors of k?
2, 19
List the prime factors of 508/6 + ((-16)/(-3) - 4).
2, 43
Let r be (-3 - (-2 - -1)) + 12. Suppose i = -2*t + 8, 5*t - 7 = 2*i + 4. Suppose t*a - a = r. What are the prime factors of a?
5
Suppose -4*x - 12 = k, 0 = -3*k + 5*k - x - 3. Suppose 0 = t + 5*f - 25, k = -2*t + 7*t - 3*f - 125. List the prime factors of t.
5
Suppose -4*f - 2*x = -3*f - 25, -4*f + 4*x = -76. Suppose -21 = -3*h + f. What are the prime factors of h?
2, 7
Let d = -38 + 67. What are the prime factors of d?
29
Let u = -1 + 3. Suppose -2*d = u*d. Suppose -3*f + d + 15 = 0. What are the prime factors of f?
5
Suppose 0*p - 2 = -p. Suppose -3*l - o = -5, l + l + p = 2*o. Let j(w) = 4*w**2 + w. What are the prime factors of j(l)?
5
List the prime factors of (3 - 0 - 2) + 42.
43
Let g be 12/(-14)*7*-1. Let d(y) = -y**3 - 1 - 4*y - 4 + 7*y**2 - 2. List the prime factors of d(g).
5
Suppose 35*a - 33*a - 218 = 0. What are the prime factors of a?
109
Suppose -z = 4*z - 125. List the prime factors of z.
5
Suppose -34 - 45 = -y. Suppose 0 = -5*l + 81 + y. What are the prime factors of l?
2
Let f(r) = -r**3 - 7*r**2 - 5*r - 2. Let z be 3/(-18) - 35/6. Let l be f(z). List the prime factors of 78/4*l/(-12).
13
Let v(c) = 15*c**3 - c**2. List the prime factors of v(1).
2, 7
Let g = 0 - 0. Suppose w - 14 = -g*w. List the prime factors of w.
2, 7
Let p be 2/7 + (-90)/21. Let x be p*((1 - -1) + 0). Let m = 12 + x. What are the prime factors of m?
2
What are the prime factors of 46/8 - 1/(-4)?
2, 3
Suppose -q + 2 = 4*o, 5*q + 0*o + 12 = 2*o. Let p = 9 + -5. Let v = p + q. What are the prime factors of v?
2
Suppose 0*o = -4*o - 116. Let n be o/(-2) + (-1)/(-2). Suppose 2*c + n = 3*c. What are the prime factors of c?
3, 5
Let j(w) = -w + 8. Let l be j(5). Suppose -l*m + 4*m = 5. Suppose m*y - 2*o - 3*o = 65, 3*y = -2*o + 29. What are the prime factors of y?
11
Let s be 1/(2/(-5*6)). Let u = 1 - s. List the prime factors of u.
2
Suppose 15*h - 18*h = -147. List the prime factors of h.
7
Suppose 112 = u + 3*u. Suppose -u = -2*f + 20. Suppose -3*l + f = 6. What are the prime factors of l?
2, 3
Let j be ((-30)/25)/((-2)/140). Suppose -4*c + j = 16. List the prime factors of c.
17
Let z = 1 - 0. What are the prime factors of (1 - -8) + z*-1?
2
Suppose -11*b - 90 = -13*b. What are the prime factors of b?
3, 5
Let x(j) be the second derivative of j**3/6 - 3*j**2/2 + 3*j. Let g be x(9). Let c = 10 - g. What are the prime factors of c?
2
Let o(u) = u**2 + 7*u. Let m(f) = f**2 - 6*f - 3. Let q be m(5). What are the prime factors of o(q)?
2
Let n be (-2 - -7) + 0/(-2). Suppose n*i - 6 = 4*i. What are the prime factors of i?
2, 3
List the prime factors of 5 + 66/(-14) + (-1046)/(-14).
3, 5
Suppose 2*s - 4*s = d - 165, 0 = 4*d + 4*s - 660. What are the prime factors of d?
3, 5, 11
Let z(u) = -u**3 + 3*u**2 + 4*u + 4. Let m be z(4). Suppose j - m + 0 = 0. Suppose -3*x = 2*n - 26, 26 = 2*x + n - j*n. What are the prime factors of x?
2, 5
Suppose 210 = 3*v + 2*v. What are the prime factors of v + (1 + 1 - 3)?
41
What are the prime factors of 222/5 - 30/75?
2, 11
Suppose -2*p - 53 = 13. Let m = p - -22. Let c = m - -23. What are the prime factors of c?
2, 3
Let p(d) = 2*d**2 - 5*d - 7. Let i(h) = h**3 - 3*h**2 + 2*h - 2. Let j be i(2). What are the prime factors of p(j)?
11
Suppose -c + 114 = 5*l - 296, -390 = -5*l + 3*c. What are the prime factors of l?
3
Suppose 5*d + 8 + 22 = j, 34 = j - d. What are the prime factors of j?
5, 7
Let p be -19 + 0*(5 + -4). Let z = p + 31. List the prime factors of z.
2, 3
Let f be (6/(-1))/(4/(-10)). Suppose 2*p - 3*q = 57 + f, 4*p - 158 = -q. Let k = -24 + p. What are the prime factors of k?
3, 5
Suppose -3*u + 1280 = 7*u. What are the prime factors of u?
2
List the prime factors of ((-4)/(-3))/((-4)/(-30)).
2, 5
Suppose -2*a + 17 = b + 3, 0 = b + 5*a - 26. Let z(r) = r**3 - 6*r**2 + 2*r + 7. What are the prime factors of z(b)?
19
Let p(q) = 11*q. Let o be p(1). Suppose -2*h = 5*l - 19, 0*h - l + o = -2*h. What are the prime factors of (-1 + -1)/(h/6)?
2
Let m(n) = -n**2 + 11*n - 15. Let x be m(10). Let t(o) = -5*o. List the prime factors of t(x).
5
Let w(p) = p**3 - 3*p**2 - 3*p + 1. Let z be w(4). Suppose -2*y + z*c = 17, 3*c - 21 = -6. List the prime factors of y.
2
Suppose 30 = c - 2*q, -c + 3*q = -0*c - 25. Suppose 5*u = -5*p + c, -3*p - 2*u - 5 = -4*p. What are the prime factors of p?
7
Suppose -180 = -4*j - 2*p, -5*j + 98 = -3*j - 3*p. List the prime factors of j.
2, 23
List the prime factors of (-8)/(-60)*12*50.
2, 5
Let p(q) = -72*q - 2. List the prime factors of p(-1).
2, 5, 7
Suppose -3*i = i. Suppose 3*m = v + 66, 0 = -m - i*v + v + 24. What are the prime factors of m?
3, 7
Let t be (-12 + 0)*1/(-1). Suppose 4*c = 5*c - t. List the prime factors of c.
2, 3
Suppose -4*p + 2*g - 3 = -7, -p - g = -4. Suppose -3*q + 7 = -p*q. List the prime factors of q.
7
Suppose -4*z - 2*g = -66, 4*g - 31 = -2*z + g. What are the prime factors of z?
17
Let y = 7 + -14. Let m(x) be the second derivative of -x**5/20 - 7*x**4/12 - x**3/2 - 5*x**2 - 2*x. List the prime factors of m(y).
11
Suppose -5*r - 10 = -0*r. List the prime factors of 12/8*r + 60.
3, 19
Let u = 42 + 46. What are the prime factors of u?
2, 11
Suppose 0*j - 4*j + 2*t + 14 = 0, 5*j - 31 = -2*t. Suppose y - 87 = -j*d, 3*y = -2*d + 5*d - 63. What are the prime factors of d?
2, 3
Let t = -153 - -333. What are the prime factors of t?
2, 3, 5
What are the prime factors of 6/(-42) + (-6655)/(-35)?
2, 5, 19
Suppose 0 = -3*d - 5*f + 28, 2*d - 38 = -3*d - 4*f. List the prime factors of d.
2, 3
Let y(q) = q**3 + 5*q**2 - q - 2. Suppose -3*z + 4*l = 15, 2*l + 15 = -3*z + 3*l. Let r be y(z). Let t = 8 - r. List the prime factors of t.
5
Suppose -3 + 15 = 3*n. Suppose -207 = -n*t - 3*r, t + 4*r + 2 = 70. What are the prime factors of t?
2, 3
Suppose 5*v + 5*z - 1 = 4, z - 10 = 2*v. What are the prime factors of (8/v)/(10/(-15))?
2
Let z(a) = a**3 + 6*a**2 - 8*a - 7. Suppose 0 = 4*l + 2 + 26. Let m be z(l). Suppose m = -w - 4*w - 10, -2*r + 4*w = -26. What are the prime factors of r?
3
Let t be ((-21)/9 - -2)*-12. Let r be (-2)/(-4) + 10/t. What are the prime factors of (-1)/r - (-48)/9?
5
Let s(d) = -6 + 3*d - d + 0*d - 5*d**2 - d**3 + 3*d. Let o be s(-6). Suppose b = -o*b + 13. What are the prime factors of b?
13
Let q be ((-5)/(-10))/(2/2908). Suppose 2*k - 23 = -q. What are the prime factors of k/(-20) + 6/(-10)?
17
Suppose m - b + 3 = b, -2*m + b + 3 = 0. Let w(f) = -3*f + 1. Let k be w(-1). List the prime factors of 2/3*m*k.
2
Suppose -5*v - 114 = -u - v, -3*u - 2*v = -286. List the prime factors of u.
2, 7
Let i(x) = -x - 3*x**2 + x**3 + 0 - x + 7*x - 4. List the prime factors of i(3).
11
Let m be 6*(3/2 - 1). Suppose -p = m*p - 124. What are the prime factors of p?
31
What are the prime factors of 2*(35 - (4 + -5))?
2, 3
Suppose 2*q = -3*p - 5 + 3, -4*q - 2*p = -4. Suppose 88 = q*f + i, -2*i = -2*f + f + 39. What are the prime factors of f?
43
Let k(a) = a**3 - 4*a**2 - 11*a - 9. List the prime factors of k(8).
3, 53
Let o(n) = 2*n - 6. Suppose 4*y = 2*r, -5*y = -2*r - 1 - 1. What are the prime factors of o(r)?
2
Let z(k) = 52*k**2 - k. Let c be z(1). Let h = c + -26. List the prime factors of h.
5
Let d(o) = -50*o. Let f be d(-1). List the prime factors of f - (-16)/4 - 1.
53
Suppose 3*x = -4*b + 3, 0*b = -2*x - b - 3. Let u(o) = -2*o + 1. What are the prime factors of u(x)?
7
Suppose 0 = -42*q + 36*q + 300. What are the prime factors of q?
2, 5
Let m(g) = 11*g - 18. What are the prime factors of m(8)?
2, 5, 7
What are the prime factors of (-3 - 3/(-2))*-4?
2, 3
Suppose 0*q - 